reatest common divisor of 679 and 381255784?
679
Calculate the highest common divisor of 40808796 and 84.
84
Calculate the highest common divisor of 50686187 and 1757.
251
Calculate the greatest common divisor of 9121 and 97615.
7
Calculate the highest common divisor of 76097761 and 97.
97
Calculate the greatest common factor of 18360 and 17147016.
1224
What is the greatest common divisor of 1991525 and 3515?
185
What is the greatest common factor of 505860 and 516?
12
What is the greatest common factor of 39954500 and 12300?
4100
What is the highest common factor of 32 and 5155408?
16
Calculate the greatest common factor of 14893 and 6307.
53
Calculate the highest common divisor of 350 and 1212400.
350
Calculate the highest common divisor of 18792 and 350900.
116
Calculate the highest common factor of 769 and 85806558.
769
What is the greatest common divisor of 2496 and 76314264?
312
Calculate the greatest common factor of 183 and 68994843.
183
What is the greatest common factor of 74365795 and 505?
505
What is the highest common factor of 156735 and 569664?
387
What is the highest common factor of 16162443 and 18?
9
What is the highest common divisor of 5216 and 354263874?
326
What is the highest common divisor of 26487 and 61006428?
981
Calculate the highest common factor of 69685147 and 2093.
161
Calculate the greatest common factor of 52351208 and 2548.
2548
What is the highest common factor of 3655 and 48280?
85
Calculate the highest common factor of 75839 and 99007.
181
What is the greatest common divisor of 38801900 and 25?
25
Calculate the highest common factor of 30996753 and 2061.
687
What is the highest common divisor of 2118452 and 1834?
14
What is the highest common divisor of 189 and 14809581?
27
Calculate the highest common factor of 1070 and 371913382.
214
What is the greatest common divisor of 91238 and 25103484?
13034
Calculate the greatest common factor of 12054 and 147404348.
4018
What is the greatest common factor of 3825 and 29775?
75
Calculate the highest common divisor of 100061 and 152048.
559
What is the greatest common divisor of 23972 and 12948?
52
What is the highest common divisor of 56858185 and 7544?
943
Calculate the greatest common factor of 38175246 and 83781.
2889
What is the greatest common divisor of 3228345 and 405?
45
What is the highest common divisor of 11205 and 6735465?
45
What is the greatest common factor of 913 and 90717?
11
What is the highest common factor of 37863 and 1891347?
1803
Calculate the highest common divisor of 3897 and 3583508.
433
Calculate the greatest common divisor of 1306 and 2727506558.
1306
What is the greatest common factor of 19619807 and 186?
31
Calculate the greatest common divisor of 21232430 and 10.
10
Calculate the greatest common divisor of 36337 and 16453353.
203
Calculate the highest common divisor of 326397416 and 920.
184
Calculate the highest common divisor of 1260 and 10766070.
630
Calculate the greatest common factor of 234 and 23238378.
18
What is the highest common factor of 457 and 86625264?
457
What is the greatest common factor of 175290668 and 84?
28
Calculate the greatest common divisor of 115443 and 5461.
127
What is the highest common divisor of 282 and 557561?
47
What is the greatest common divisor of 2 and 1218922?
2
Calculate the greatest common divisor of 3768852 and 214884.
1524
What is the highest common divisor of 60 and 4260540?
60
What is the highest common factor of 207574466 and 2202?
734
What is the greatest common divisor of 5954460 and 150?
30
Calculate the highest common factor of 132024532 and 8.
4
Calculate the highest common divisor of 8267489 and 608.
19
Calculate the greatest common factor of 693 and 2539691.
77
What is the greatest common divisor of 28577 and 6139176?
697
Calculate the greatest common factor of 58551 and 728799.
87
Calculate the highest common divisor of 880467 and 161.
7
Calculate the highest common factor of 3201921 and 45.
9
Calculate the highest common divisor of 90 and 262929528.
18
Calculate the greatest common factor of 1576 and 125904.
8
What is the highest common factor of 6783 and 93?
3
Calculate the highest common factor of 216 and 4104768.
24
Calculate the highest common factor of 99549 and 13203.
81
Calculate the highest common factor of 144458368 and 760.
152
What is the greatest common factor of 18 and 954718?
2
What is the highest common divisor of 8251233 and 217109?
1091
Calculate the highest common divisor of 2535 and 72873138.
507
What is the highest common divisor of 3821013 and 147798?
4347
What is the highest common divisor of 41832 and 367479?
63
Calculate the greatest common divisor of 23161 and 107419711.
1007
Calculate the highest common factor of 33842512 and 238.
34
What is the greatest common divisor of 264 and 43089904?
88
Calculate the greatest common factor of 1584625 and 1275.
25
What is the highest common divisor of 15 and 2189120?
5
Calculate the greatest common divisor of 5590836 and 84.
12
Calculate the highest common factor of 6939 and 1106642.
257
Calculate the highest common factor of 721198 and 10.
2
What is the greatest common divisor of 238920410 and 930?
310
Calculate the greatest common divisor of 348 and 8414988.
348
What is the highest common factor of 2198 and 393456?
14
Calculate the greatest common factor of 826033 and 2938.
13
What is the greatest common factor of 108 and 597021732?
108
Calculate the greatest common divisor of 2612540 and 69.
1
Calculate the greatest common factor of 40210350 and 15600.
150
What is the highest common divisor of 3695 and 3264163?
739
What is the highest common divisor of 4359798 and 108?
54
Calculate the greatest common divisor of 398 and 50882.
2
Calculate the highest common divisor of 79595 and 1457.
1
What is the highest common divisor of 6091665 and 1725?
345
Calculate the greatest common factor of 2438748 and 3860.
772
What is the greatest common factor of 2272 and 6748124?
284
Calculate the highest common divisor of 5119550 and 7600.
950
What is the greatest common factor of 28684405 and 5?
5
What is the greatest common factor of 4639580 and 11396?
44
What is the highest common divisor of 32928 and 915936?
672
Calculate the greatest common divisor of 288702 and 2233764.
774
Calculate the greatest common factor of 15670833 and 3.
3
What is the greatest common divisor of 1258621 and 336?
7
Calculate the greatest common divisor of 552688 and 336.
16
Calculate the highest common factor of 18511005 and 15.
15
Calculate the highest common divisor of 569 and 526086589.
569
What is the highest common factor of 22645331 and 7167?
2389
What is the greatest common divisor of 13664 and 5293092?
1708
Calculate the greatest common factor of 52182 and 1394874.
234
What is the highest common divisor of 5716850 and 3010?
430
What is the highest common divisor of 11376677 and 13?
13
What is the greatest common factor of 181560 and 2658120?
2040
Calculate the highest common factor of 5483322 and 3852.
1926
Calculate the greatest common factor of 24740 and 78344158.
2474
What is the highest common divisor of 116 and 51942364?
116
What is the highest common factor of 1919 and 1180223?
19
Calculate the greatest common factor of 34534997 and 574.
287
Calculate the highest common divisor of 676229 and 4579.
19
What is the highest common divisor of 10191793 and 23299?
1013
Calculate the greatest common factor of 2416018 and 2893.
11
What is the greatest common divisor of 97178160 and 5275?
1055
What is the highest common divisor of 57236 and 338332?
164
Calculate the greatest common divisor of 424718350 and 84.
14
Calculate the greatest common divisor of 47200 and 5242150.
2950
Calculate the highest common divisor of 213 and 20684927.
71
Calculate the highest common factor of 1709662 and 982.
982
What is the highest common divisor of 41480 and 932?
4
Calculate the highest common factor of 74746814 and 172.
86
Calculate the greatest common divisor of 2705965728 and 4792.
4792
Calculate the highest common factor of 31110976 and 858.
26
What is the greatest common factor of 816 and 1018419?
51
What is the greatest common factor of 16284 and 741980?
92
What is the highest common divisor of 46880 and 1252640?
160
What is the highest common divisor of